z(r) = t*p(r) - 6*d(r). What is z(f)?
-6
Let q(z) be the second derivative of -z**3/2 + 44*z**2 + 3*z - 1. Give q(28).
4
Let w = 30 - 29. Let f(j) = w + 7*j - 9*j - 10*j. Give f(-1).
13
Let m(c) = -c + 1 - 6 + 3. Let r be m(-7). Let n(j) = -127*j + 13. Let d(a) = 178*a - 19. Let w(k) = 5*d(k) + 7*n(k). Determine w(r).
1
Let m(b) = -b**3 + b + 1. Let x be 68/(-24) + 3/(-18). Let n(w) = -w**2 - 4*w + 1. Let l be n(x). Suppose -8 = -4*y - 4*g - 20, -18 = y + l*g. What is m(y)?
-5
Let o(a) = -7 - 6*a**2 + 1 + a**3 - 7*a**3 + 3*a**3 + 4*a**3 + 4*a. What is o(6)?
18
Let n be 5 + (-1 - (-1)/(1/(-3))). Let u(a) be the first derivative of 5*a**3/3 - a**2 + a - 8. Calculate u(n).
4
Let p = 23 - 20. Suppose -2*r + 10 = p*r. Let x(l) be the second derivative of l**3 - 3*l**2/2 + 9*l. Calculate x(r).
9
Let k(i) be the third derivative of -i**6/360 + i**5/120 + 11*i**4/24 + i**2. Let m(o) be the second derivative of k(o). Determine m(3).
-5
Let p(z) = z + 5. Suppose 0*w + 18 = 3*v + 3*w, -w + 2 = -v. Suppose 2*t + 8 = -b, -t - 2 = b - v*t. Determine p(b).
1
Let t(f) = 22*f**3 + 2*f - 1. Let z(m) be the first derivative of -m**4/4 + 2*m**3 + m**2/2 - 5*m + 15. Let y be z(6). Determine t(y).
23
Let u(a) = 4*a**2 - 7*a + 2*a + 3 + 4*a**3 - 3*a**3. Let d be ((-555)/(-18))/5*6. Let w = d - 42. What is u(w)?
3
Let x(m) = 11 - 8 - m - 5. Give x(6).
-8
Let y(t) be the second derivative of -t**3/3 - t**2 - 3*t. Let j(q) = 2*q**2 - 5*q. Suppose 5*g - 7 - 3 = 0. Let l be j(g). Give y(l).
2
Suppose 0*u + 4*g = u - 6, -4*u - g - 10 = 0. Let s(d) = 4*d**2 - 2*d. Determine s(u).
20
Suppose 3*t + 12 = -t. Let n(x) be the first derivative of 1/2*x**2 - 2*x - 13. Give n(t).
-5
Let f(j) = -2*j**2 + 2*j + 3. Let g(q) = 11*q + 7. Let a(l) = 5*l + 3. Let o(p) = 9*a(p) - 4*g(p). Let i be o(4). Give f(i).
-9
Suppose 0 = 12*c - 49*c. Let q(r) = 4*r + 4. Give q(c).
4
Let k(c) = 11*c + 10*c - 31*c**2 - 25 + 0*c + 33*c**2 + 37. Calculate k(-11).
23
Let f(b) = 15*b - 16. Let x(k) = 28*k - 30. Let p(w) = 11*f(w) - 6*x(w). Determine p(7).
-17
Suppose 2*j + 643*v = 639*v - 4, 0 = -2*j + 2*v + 20. Let n(m) = m**2 - 1. Let g(z) = 5*z**2 + 3*z - 7. Let l(k) = g(k) - 6*n(k). Give l(j).
-19
Let h(j) = j**3 + 6*j**2 - 4. Let m(d) = d**2 + 49*d + 441. Let x be m(-37). Give h(x).
23
Let d be 4/(-60)*4/16*-1. Let b(j) be the third derivative of 1/3*j**3 - 6*j**2 + 1/24*j**4 + 1/20*j**5 + d*j**6 + 0*j + 0. Give b(-2).
-4
Suppose v = -2*v. Let i(t) = -2*t - 1 + v + 7. Calculate i(7).
-8
Let a(j) = -4*j - 1. Let y(z) = -2*z. Let n(d) = -2*a(d) + 6*y(d). Suppose -3*s - 5*q = 48, 2 = 5*q + 17. Let t = -7 - s. Determine n(t).
-14
Let g(s) = s**3 - 5*s**2 + s + 5. Let a be g(4). Let k(t) = -1. Let y(x) = x**2 + 4*x. Let q(u) = -2*k(u) - y(u). What is q(a)?
-19
Let h(p) = -p + 5 + 9*p**2 + 3*p + 15 - p**3 + 8*p - 2*p. What is h(10)?
0
Suppose -3*b - 46 + 21 = -5*t, -10 = -5*t. Let d be (-1 + b/(-3))/(4/(-6)). Let v(w) = -10*w**3 + w**2 + 2*w + 1. Calculate v(d).
10
Let y(g) = g**2 - 10*g + 11. Let x be y(8). Let w(t) = 3*t + 12. Calculate w(x).
-3
Let g(c) be the second derivative of -c**8/6720 - c**5/15 - c**4/12 + 2*c. Let h(d) be the third derivative of g(d). Suppose 0*u = 5*u. Calculate h(u).
-8
Suppose 46*b = 51*b + 30. Let j be ((-21)/b)/((-3)/(-6)). Let h(f) = -f + 5. Give h(j).
-2
Let n be (3/(-2))/(2/(-4)). Let f be (2*(-9 - -3))/(-2). Let p(d) = 3*d**3 + 11 - 2*d**n - f - 5*d - 6*d**2 - 3*d. Give p(7).
-2
Let o(z) = -z**3 - 16*z**2 - 28*z + 8. Let h be o(-14). Let p(c) = 9*c + 2*c - 9*c - 5. What is p(h)?
11
Let f(l) = -3*l + 0*l + 6 - 3*l**2 - 4*l + 4*l**2. Let a be (-2)/(-14)*0 + 50 + 1. Let y = -44 + a. Give f(y).
6
Let c(h) = -6*h**2 + 27*h + 15. Let n(s) = -5*s**2 + 24*s + 14. Let y(a) = -6*c(a) + 7*n(a). What is y(-5)?
3
Let x(j) = 26*j - 31*j - 5 + 6 + 10. Let c(n) = 3*n - 7. Let f(m) = -8*c(m) - 5*x(m). What is f(-2)?
-1
Suppose 3*v - 8 = 2*r + 18, 2*v = 8. Let i(n) = n**2 + 10*n + 13. What is i(r)?
-8
Let m(r) = -9*r**2 - 23*r - 21. Let y(o) = 5*o**2 + 12*o + 11. Let j(u) = -4*m(u) - 7*y(u). What is j(-6)?
-5
Let d(t) = -t**3 + 16*t**2 + 37*t - 9. Let r be d(18). Let i(h) = -h + 15. Give i(r).
6
Let a(x) = 13*x**2 - 3*x + 14. Let d(s) = -s**2 - s + 3. Let n(y) = a(y) - 5*d(y). What is n(1)?
19
Let k(m) = 2*m**2 - 15*m + 7. Let o(c) = -2*c**2 - 4*c + 7. Let n be o(0). What is k(n)?
0
Suppose -p = -5*l + 27, -2*l = -p - 6 - 6. Let v(g) be the second derivative of -g**5/20 + g**4/3 + 2*g**3/3 - g**2 - g. Determine v(l).
-7
Let m be 7 - 0 - (1 - 0). Let z(k) = -k**2 - 8*k + 4. Let a(i) = -4*i**2 - 25*i + 12. Let o(f) = 2*a(f) - 7*z(f). Determine o(m).
-4
Let m be (-15)/6 - 90/(-12). Let c be ((-3)/4)/(((-5)/4)/m). Let a(u) = -u**3 + 4*u**2 - 2. What is a(c)?
7
Let d(p) = 42*p - 12. Let i(l) = 19*l - 6. Let f(h) = 4*d(h) - 9*i(h). Determine f(2).
0
Let r(i) be the third derivative of -i**5/60 - i**4/6 - i**3/2 - 16*i**2. Determine r(-6).
-15
Let t(r) = -11*r - 1. Let a(d) = -53*d - 7. Let z(f) = -a(f) + 6*t(f). What is z(1)?
-12
Let y(n) = -10*n**2 + 25*n + 4. Let u be (-9 - -2)*(0 + 1). Let x(v) = -7*v**2 + 17*v + 3. Let w(d) = u*x(d) + 5*y(d). Let m = 13355 - 13352. Give w(m).
8
Suppose 72*h - 73*h + 7 = 0. Let l(j) = -j**3 + 6*j**2 + 7*j - 9. Determine l(h).
-9
Let a(y) = -36*y**3 - 2*y - 2 - 44*y**3 - y**2 + 79*y**3 + 2 - 5. Give a(0).
-5
Suppose 285*p = 292*p. Let d(c) = c - 14. Give d(p).
-14
Suppose 3*k + 649 = 655. Let u(l) = -7*l**2 + 3*l - 3. Calculate u(k).
-25
Suppose -r + 4*b = -24, -63*b = -61*b + 10. Let p(o) be the first derivative of o**4/4 - 2*o**3 + 5*o**2/2 - 4*o + 1. What is p(r)?
-16
Let t(o) = o**2 + 4*o + 9. Let g be t(-3). Let y be 9 + g*(-8)/12. Let q(c) = c**3 - 5*c**2 - 1. Calculate q(y).
-1
Let d(a) be the first derivative of 4 - a - 1/2*a**2. Calculate d(3).
-4
Let r(i) be the second derivative of i**4/12 - i**3/6 - 3*i**2/2 + 6*i - 3. Calculate r(2).
-1
Let a(b) = -6 - b - b**2 + 5*b + 2*b. Suppose 1044*i - 135 = 1017*i. Determine a(i).
-1
Let k(u) = -u**2 - 6*u + 5. Let l(v) = 4*v - 17. Let z be l(3). Determine k(z).
10
Suppose -4*r - 31 = -5*x, 2*r - 2 = 2*x + 4*r. Suppose 8 = 2*y - x*n - 6, 0 = 3*y - n - 28. Let f(z) = -2*z + 15. Determine f(y).
-5
Let z(c) = -5*c + 14. Suppose 4*u = -n + 3, -9 = -3*n - 16*u + 15*u. What is z(n)?
-1
Let d(g) be the third derivative of -g**6/120 + g**5/20 - g**4/12 - 17*g**2. What is d(2)?
0
Let g(k) = -5 + 1 - 6 - 2 - 3*k. Give g(-6).
6
Suppose 8 = 4*f - z, -5 = -2*f + 3*z - 11. Let g(b) = b**3 - b**2 - 1. Give g(f).
17
Let r(c) = -2*c + 65. Let b(o) = -7*o + 184. Let i(t) = 6*b(t) - 17*r(t). What is i(-5)?
39
Suppose -6 = -2*q + 3*q. Let s = q - -11. Let u(n) = -3*n**2 + 12*n - 4*n - 4*n + 1 + 2*n**2. What is u(s)?
-4
Let c = 24 + -19. Let w(i) = -5 + 2 - c*i + 6*i + 2 - 4*i**2. What is w(1)?
-4
Let r(b) = 3 - 8*b - 1 + 4*b + 3*b. Give r(-4).
6
Let n(z) = 16*z + 56. Let k(b) = -9*b - 28. Let a(w) = -7*k(w) - 4*n(w). What is a(0)?
-28
Let x(u) = u + 1. Let z = 106 - 94. Let t(f) = f**2 - 14*f + 32. Let p be t(z). Determine x(p).
9
Suppose 0 = -387*v + 383*v + 16. Let d = 1 + 0. Let a(h) = v*h - h - 2*h - d - 1. What is a(1)?
-1
Let o(y) = -3*y + y**3 + 2 + 3*y**2 + 0*y**2 + 2*y**2. Let t(f) = 81*f - 167. Let q be t(2). Determine o(q).
17
Suppose -3*w = -3*v + w + 29, 0 = 2*v + 2*w + 4. Suppose -5*c - 5*f + 15 + 30 = 0, v*f = -5*c + 35. Let x(y) = c + 6*y - 9 + 4. Calculate x(1).
5
Let h = -7 - -26. Suppose -9*d - h = -55. Let c(b) = b**2 + 4*b + 3 + b**2 - 3*b**2. Give c(d).
3
Let k(f) = -f**2 + 6*f - 8. Let c(v) = -v**2 - 17*v - 23. Let h be c(-15). Calculate k(h).
-15
Let s(r) = -7*r**2 + 6*r + 7. Let f(a) = 6*a**2 - 6*a - 7. Let b(x) = -6*f(x) - 5*s(x). Suppose -4*l + 20 = -n, 2*l + 3*n = 4*n + 8. Give b(l).
7
Suppose -2*k + 16 = -4*d, 5*k - 4*d + d = 26. Let v be (-2 + 5/(-20))*k. Let s(g) = g + 12. Calculate s(v).
3
Let w(l) be the first derivative of -l**2 + 8*l - 380. Give w(-5).
18
Let t(j) = j**2 - 11*j + 11. Suppose 0 = 33*a - 20*a - 130. What is t(a)?
1
Let k be ((-1)/7)/(64/(-224))*-4. Let f(s) = -s - 8. Determine f(k).
-6
Let t(n) = -40*n - 87. Let y be t(-2). Let z(u) = 4*u + 7. What is z(y)?
-21
Let u(h) = -5*h - 4. Let s be (-357)/(-238)*(-20)/6. Give u(s).
21
Suppose 53*p = 57*p - 8. Let o(l) = 8*l - 2*